22. What are the prime factors of 73 - (-18)/12*(-8)/o?
3, 23
Suppose 6*z = 11*z. Suppose -3*h + 2*h + 3 = z. List the prime factors of 78 - (h/3)/1.
7, 11
Let w(l) = -952*l + 119. Let a be w(-21). Suppose 31*m - 14*m = a. List the prime factors of m.
7, 13
Let q be ((1 + -1)/6)/(-1). Suppose 4*z - 5827 + 1107 = q. List the prime factors of z.
2, 5, 59
Let z(g) = 12 - 3*g - 3*g - 2*g + 7*g - 15. Suppose -n + 2*a - 7*a - 34 = 0, 3*a + 12 = 0. List the prime factors of z(n).
11
Suppose 16*y - 10495 = 5825. Suppose 4*b - 4*d = 1096, y + 40 = 4*b + 5*d. List the prime factors of b.
2, 3, 5
Let w(a) = a**3 + 10*a**2 - 9*a - 18. Let y be 10/((-6)/(-1 - -4)). Let i be (0 + -1 - (1 - y)) + -2. What are the prime factors of w(i)?
2, 3
Suppose 5 + 2 = -4*y + 3*m, 0 = 4*y - 5*m + 9. Let d be y/(-2) + 0 - 3016/(-16). Let j = 323 - d. What are the prime factors of j?
2, 67
Let i = 898 - 754. What are the prime factors of ((3 - 0) + 18/54)*i?
2, 3, 5
Let a = 24 + -29. What are the prime factors of ((-2)/a - 33/(-30))*250?
3, 5
Let v = 199 + -841. Let g = 1106 + v. List the prime factors of g.
2, 29
Let j(i) = -i**3 + 13*i**2 + 17*i - 2. Let f be j(14). Suppose -3*r = -1 + 10. Let u = f - r. List the prime factors of u.
43
Suppose 56 = 3*k + 32. Suppose 3*d = 5*m - 2142, k*d - 7*d = -3*m + 1288. What are the prime factors of m?
3, 11, 13
List the prime factors of 14/(-8) + (-2115745)/(-380).
2, 11, 23
Let s(m) = 4*m + 32. Let v be s(-8). Let t be 0 + 3/(-1) + (3 - v). Suppose 0*d - d + 110 = t. List the prime factors of d.
2, 5, 11
Suppose 5*c - 2318 - 2627 = 5*b, 4*c - 3*b - 3952 = 0. Let g = c + -448. List the prime factors of g.
3, 179
Let y(d) = 709*d**2 - 22*d - 13. List the prime factors of y(-4).
19, 601
Suppose -42*k - 11709 + 197601 = 0. What are the prime factors of k?
2, 2213
Let f be (-870)/(-27) - (-4)/(-18). Let n be (6/2)/(4/f). Let b = n + 25. What are the prime factors of b?
7
Let g = -278 + 281. Suppose -g*u - 12 = 0, -5*u = 34*d - 36*d + 1600. List the prime factors of d.
2, 5, 79
Suppose l - 2*b = 395, 5*l - 2*l - 1217 = -2*b. Let a = l - 8. What are the prime factors of a?
5, 79
Suppose -2*j + 10 = 2*x, 4*j + 3*x = 11 + 8. Suppose -z = 4*v + 2417, -3*v - j*z - 3024 = 2*v. List the prime factors of 8/10 + v/(-20).
31
Let u(w) = 5*w + 102 - 6*w + 0*w + 16*w. List the prime factors of u(20).
2, 3, 67
Let h = -367 - -369. Suppose -1184 = -5*t + 2*g, 4*t - h*g - 561 = 385. What are the prime factors of t?
2, 7, 17
Let x(f) = 2877*f**2 - 1007*f - 3016. List the prime factors of x(-3).
2, 23, 563
Let r(h) = 10*h**2 + 88*h + 1153. List the prime factors of r(83).
77347
Let z(q) = 16*q - 35. Suppose -10*n + 37 + 123 = 0. List the prime factors of z(n).
13, 17
Let h(i) = -1569*i - 113. What are the prime factors of h(-3)?
2, 2297
Suppose -2*u + 4*w - 22660 = -6*u, 0 = -4*u + 3*w + 22688. What are the prime factors of u?
5669
Let z(x) = -x**2 + 6*x + 16. Let h(i) = 3*i - 8. Let c(b) = b**3 + 7*b**2 - 10*b - 11. Let p be c(-8). Let s be h(p). List the prime factors of z(s).
3
Let b = 389 + -358. Suppose -b*j + 2337 = -28*j. List the prime factors of j.
19, 41
Let i = -147 + 147. Suppose -c + 2*c - b - 1142 = i, 2*b = 8. What are the prime factors of c?
2, 3, 191
List the prime factors of 14/(-4)*(49 - 16 - 5471).
7, 2719
Suppose 1726*x - 1714*x = 5796. List the prime factors of x.
3, 7, 23
Suppose 18*q + 46344 - 118115 - 118003 = 0. What are the prime factors of q?
13, 811
Let j(q) = -4 + 3 + q**2 - 3*q - 7*q**3 - 1 + 1. Suppose 4*o - 14 = -3*s - 0, 3*o - 15 = 0. List the prime factors of j(s).
5, 13
Suppose 5*l + 2*i - 19138 = 10765, 4*l = -5*i + 23902. What are the prime factors of l?
31, 193
Let o(f) = -43*f**3 + 88*f**3 + 42*f - 46*f**3 - 24*f**2 + 26. List the prime factors of o(-26).
2, 11, 13
Let i(l) be the second derivative of l**4/12 + l**3 - 3*l**2 + 18*l. Let o be i(-6). List the prime factors of ((-4)/(-6))/(o/(-621)).
3, 23
Let i(t) = -t + 11. Let a be i(9). Suppose -4*f + 394 = -a*l, -4*f + 2*l + 2*l = -396. Suppose f = z - 0*z. What are the prime factors of z?
2, 7
Let b be (-1 + 0)/(17/(-51)) - 986. Let n = 97 - b. What are the prime factors of n?
2, 3, 5
Let j(p) = 309*p**3 + 2*p**2 - 3*p + 2. Let l(t) = t**3 - 4*t**2 + 10. Let h be l(3). List the prime factors of j(h).
2, 5, 31
Let t(d) = d**2 - 5*d - 33. Let x be t(8). Let h be (-543)/(-18) + x/54. List the prime factors of h/12*(-1)/(2/(-112)).
2, 5, 7
Let b(z) = 3*z**3 - 7*z**2 - 91*z + 16. What are the prime factors of b(15)?
19, 379
Suppose 3*z + 211029 = 73*h - 68*h, -2*h + 3*z = -84417. List the prime factors of h.
2, 3, 3517
Let r(c) = -c**3 - 8*c. Let y be r(-6). Suppose -h = -3*s - 132, 4*s - 6*s + y = 2*h. Suppose 5*m = -7*m + h. What are the prime factors of m?
11
Suppose 2*f - 8 = -6. Let g(l) = l**2 + l. Let x(w) = -5*w**2 - 13*w - 24. Let s(o) = f*x(o) + 6*g(o). What are the prime factors of s(10)?
2, 3
Let k(j) be the third derivative of 1/12*j**4 + 1/2*j**3 + 37*j**2 + 0*j + 1/30*j**5 + 0. What are the prime factors of k(-3)?
3, 5
Let i(t) = -t + 103. Let f(y) = 100. Let n(d) = 4*f(d) - 3*i(d). List the prime factors of n(-9).
2
Let m be (10 + -2)/2 + 0. Suppose -2*z - m*p + 572 + 204 = 0, -5*z + 1928 = 4*p. Suppose -2*t = -3*k + z, 0*t - t = -4*k + 512. What are the prime factors of k?
2
Let d be ((-121)/22)/((-1)/(-80)*-2). Let k = d - 7. What are the prime factors of k?
3, 71
Let u be (360/(-14))/((-75)/2625). Let c = u - 703. What are the prime factors of c?
197
Let c(v) = -94*v - 2608. What are the prime factors of c(-78)?
2, 1181
Let i(d) = 24*d**2 + 3*d + 2. Let o be i(-1). Let x = o - 13. Suppose -4*z = -0*z - 2*m - 178, x = 2*m. List the prime factors of z.
47
Suppose 1634 - 129454 = 14*f. List the prime factors of 0 - (f/25 - 1/(-5)).
5, 73
Let o(w) = w**2 - 18*w + 86. Let g be o(11). What are the prime factors of ((-93)/g + 1)*(-1440)/28?
2, 3, 5
Suppose 0 = -46*k + 43*k + 6. Let l(w) = 45*w**2 + 10*w + 2. What are the prime factors of l(k)?
2, 101
Let x(m) = 7*m**3 - 2*m**2 + 5*m. Let h be x(-5). Let u = 262 - h. List the prime factors of u.
2, 3, 101
Let f = -3461 + 7415. List the prime factors of f.
2, 3, 659
Suppose -5*v - 2*d + 1792 = 0, -26*v - 3*d - 372 = -27*v. Let z = 350 + v. List the prime factors of z.
2, 5, 71
Suppose 2*k = -9*k - 4*k. Suppose 47*x - 46*x - 733 = k. What are the prime factors of x?
733
Let h = -126 - -79. Let q = -47 - h. Suppose q = -2*v + 96 + 90. What are the prime factors of v?
3, 31
Let n(k) = 2*k**3 + 8*k**2 - 10*k + 4. Let j be n(-5). Suppose 5*a + 2*r - 1867 = r, j*r + 760 = 2*a. List the prime factors of a.
2, 11, 17
Suppose 2*g - 3*l = 6, 3*g = 8*g - 4*l - 8. Suppose -2*i - 5*w + 50 = g, 71 = 5*i - w - 0*w. List the prime factors of i.
3, 5
Suppose -7*p + 63 = -112. What are the prime factors of (-5)/p + 5346/5?
1069
Suppose 0 = 4*s + 3*i - 11684, -7*s = -9*s - 3*i + 5836. What are the prime factors of s?
2, 17, 43
Suppose -5*z + 15 = -3*o, 2*z = 5*o + 6*z + 62. Let f = o + 7. What are the prime factors of 2/((1 - 2) + f)*-34?
17
Suppose 4886138 = 207*v - 7678348. What are the prime factors of v?
2, 11, 31, 89
Suppose -14*z + 5*z = -21186. List the prime factors of z.
2, 11, 107
Let i be -11 + 8 + 5 + (-808)/(-2). Suppose 31*v = 17*v + i. List the prime factors of v.
29
Suppose 4*v - 5*i + 8*i = 23, -5*v - i + 15 = 0. Suppose 1 = 5*q + a, 5*q + 7 = 5*a + v. Suppose -2*b + 275 - 1 = q. List the prime factors of b.
137
Let u(z) = z**3 + 6*z**2 + 10*z + 25. Let a be u(-5). Suppose a = -4*v + 4*l + 800, 2*v + l - 402 = 2*l. What are the prime factors of v?
2, 101
Let l = -477 - -397. What are the prime factors of l/15*(-2043)/12?
2, 227
What are the prime factors of (-77 + -2)/((-82)/13366)?
79, 163
Let a = 41 + -38. Suppose -d - 2*x - 12 = a*d, 4*x - 2 = 5*d. What are the prime factors of 352/3 + 2 + d/6?
7, 17
Suppose -z = -4, 36*y - 38*y - 3*z = -6778. What are the prime factors of y?
17, 199
Suppose 101*c - 1422606 = -103*c + 166*c. List the prime factors of c.
3, 12479
Let f(i) = 162*i + 17. Let j be f(8). Suppose -1273 = -6*m + j. List the prime factors of m.
431
Suppose -3*g - 20*g - 23 = 0. List the prime factors of 3/(-3) + g + -1 + 430.
7, 61
Let k = 724 - 13016. List the prime factors of 18/135 + k/(-6